{"id":86,"date":"2014-03-14T06:57:49","date_gmt":"2014-03-14T06:57:49","guid":{"rendered":"http:\/\/kayapati.com\/demos\/xmldemo\/?page_id=86"},"modified":"2026-02-23T14:43:51","modified_gmt":"2026-02-23T12:43:51","slug":"kosmetikerin-depiladora-elektrologistin-regensburg-laser","status":"publish","type":"page","link":"https:\/\/www.zuckersuess-regensburg.de\/?page_id=86","title":{"rendered":"Conny &#038; Team"},"content":{"rendered":"<p><a href=\"https:\/\/www.zuckersuess-regensburg.de\/wp-content\/uploads\/Conny-1.jpg\"><img loading=\"lazy\" decoding=\"async\" class=\"alignnone wp-image-1693 \" src=\"data:image\/gif;base64,R0lGODlhAQABAAAAACH5BAEKAAEALAAAAAABAAEAAAICTAEAOw==\" data-layzr=\"https:\/\/www.zuckersuess-regensburg.de\/wp-content\/uploads\/Conny-1.jpg\" alt=\"Zuckersuess Conny\" width=\"409\" height=\"614\" \/><\/a><\/p>\n<p><strong>Conny<\/strong><\/p>\n<p><strong>Seit 2003 Fachkosmetikerin und Fu\u00dfpflegerin (med. gepr\u00fcft)<\/strong><\/p>\n<p><em><strong>Weiterbildungen:<\/strong><\/em><\/p>\n<p>Seit 2006 als Depiladora und Gesch\u00e4ftsinhaberin t\u00e4tig und seit 2010 liebevolle Mama<\/p>\n<p>2006 Schulung bei Beauty Enthaarung mit Halawa (\u00e4gyptische Zuckerpaste)<\/p>\n<p>2009-2011 freie Journalistenschule Berlin (FJS), Journalist\/in (FJS)<\/p>\n<p>2015 Schulung bei Lycon Xclusive Beauty in M\u00fcnchen<\/p>\n<p>2017 Ausbildung bei Epiladerm Bodysugaring mit der Original Handtechnik (Starter- und Zertifizierungsseminar).<\/p>\n<p>2017 Ausbildung bei Apilus zur Elektroepilation in Z\u00fcrich<\/p>\n<p>2018 Weiterbildung\u00a0 f\u00fcr Braz. Waxing mit Hot Wax<\/p>\n<p>2018 Zertifizierung zur dauerhaften Haarentfernung\u00a0<\/p>\n<p>2018 Premium Partner von Haarpunkt<\/p>\n<p>2019\u00a0 Weiterbildung bei Apilus in K\u00f6ln Elektroepilation<\/p>\n<p>2019 Weiterbildung f\u00fcr Haut\u00e4sthetik\u00a0 mit Multipulselight<\/p>\n<p>2020 Weiterbildung zur dauerhaften Haarentfernung mit der modernen 3 Wellen Lasertechnik<\/p>\n<p>2020 Weiterbildung Elektroepilation Apilus Xcell in K\u00f6ln<\/p>\n<p>2020 Ausbildung zum Laserschutzbeauftragten<\/p>\n<p>2020 Seminar zur kosmetischen Zahnaufhellung<\/p>\n<p>2020 Weiterbildung Lashlifting Stylistin \/Lashlifting Marathon<\/p>\n<p>2021 Ausbildung als Skin Expert f\u00fcr Hautpflegeberatung<\/p>\n<p>2022 Weiterbildung dauerhafte Haarentfernung mit der Alexandrit-, Dioden-. Yag- Lasertechnik\u00a0<\/p>\n<p>2022 NISV Fachkunde zur optischen Strahlung und EMF Kosmetik\u00a0<\/p>\n<p>2023 Er\u00f6ffnung Shape of you Regensburg \/ Umzug in den neuen Laden<\/p>\n<p>Spricht auch Englisch und Th\u00fcringisch :))\u00a0<\/p>\n<p>Durch zahlreiche Schulungen in verschiedenen Haarentfernungstechniken kann ich f\u00fcr Sie und ihre Haar- und Hautstruktur die passende M\u00f6glichkeit finden ihre Haare zu entfernen.<\/p>\n<p>Unterst\u00fctzt wird Conny aktuell von Tina und Marina &#8211; beide nat\u00fcrlich NiSV-gepr\u00fcft.<\/p>\n\n\n<figure class=\"wp-block-image size-large\"><a href=\"https:\/\/www.zuckersuess-regensburg.de\/wp-content\/uploads\/2026_01-teamfoto-shape-of-you.jpg\"><img decoding=\"async\" src=\"data:image\/gif;base64,R0lGODlhAQABAAAAACH5BAEKAAEALAAAAAABAAEAAAICTAEAOw==\" data-layzr=\"https:\/\/www.zuckersuess-regensburg.de\/wp-content\/uploads\/2026_01-teamfoto-shape-of-you-874x1024.jpg\" alt=\"\" class=\"wp-image-1901\"\/><\/a><\/figure>\n\n\n\n<p><strong>Wir freuen uns schon darauf, SIe kennzulernen.<\/strong><\/p>\n","protected":false},"excerpt":{"rendered":"<p>Conny Seit 2003 Fachkosmetikerin und Fu\u00dfpflegerin (med. gepr\u00fcft) Weiterbildungen: Seit 2006 als Depiladora und Gesch\u00e4ftsinhaberin t\u00e4tig und seit 2010 liebevolle Mama 2006 Schulung bei Beauty &hellip; <\/p>\n","protected":false},"author":1,"featured_media":870,"parent":0,"menu_order":0,"comment_status":"open","ping_status":"open","template":"","meta":{"footnotes":""},"class_list":["post-86","page","type-page","status-publish","has-post-thumbnail","hentry","latest_post"],"yoast_head":"<!-- This site is optimized with the Yoast SEO plugin v27.4 - https:\/\/yoast.com\/product\/yoast-seo-wordpress\/ -->\n<title>Conny &amp; Team - Haarlos Sch\u00f6n Regensburg<\/title>\n<meta name=\"description\" content=\"ausgebildete Kosmetikerin, Sugaring- und Waxingexperte, Elektrologistin und Laserschutzbeauftragte bietet mit ihrem Experten-Team alle Haarentfernungen an.\" \/>\n<meta name=\"robots\" content=\"index, follow, max-snippet:-1, max-image-preview:large, max-video-preview:-1\" \/>\n<link rel=\"canonical\" href=\"https:\/\/www.zuckersuess-regensburg.de\/?page_id=86\" \/>\n<meta property=\"og:locale\" content=\"de_DE\" \/>\n<meta property=\"og:type\" content=\"article\" \/>\n<meta property=\"og:title\" content=\"Conny &amp; Team - Haarlos Sch\u00f6n Regensburg\" \/>\n<meta property=\"og:description\" content=\"ausgebildete Kosmetikerin, Sugaring- und Waxingexperte, Elektrologistin und Laserschutzbeauftragte bietet mit ihrem Experten-Team alle Haarentfernungen an.\" \/>\n<meta property=\"og:url\" content=\"https:\/\/www.zuckersuess-regensburg.de\/?page_id=86\" \/>\n<meta property=\"og:site_name\" content=\"Haarlos Sch\u00f6n Regensburg\" \/>\n<meta property=\"article:modified_time\" content=\"2026-02-23T12:43:51+00:00\" \/>\n<meta property=\"og:image\" content=\"https:\/\/www.zuckersuess-regensburg.de\/wp-content\/uploads\/83125924_2045327748946281_2640207514582384640_o.jpg\" \/>\n\t<meta property=\"og:image:width\" content=\"200\" \/>\n\t<meta property=\"og:image:height\" content=\"200\" \/>\n\t<meta property=\"og:image:type\" content=\"image\/jpeg\" \/>\n<meta name=\"twitter:label1\" content=\"Gesch\u00e4tzte Lesezeit\" \/>\n\t<meta name=\"twitter:data1\" content=\"2\u00a0Minuten\" \/>\n<script type=\"application\/ld+json\" class=\"yoast-schema-graph\">{\"@context\":\"https:\\\/\\\/schema.org\",\"@graph\":[{\"@type\":\"WebPage\",\"@id\":\"https:\\\/\\\/www.zuckersuess-regensburg.de\\\/?page_id=86\",\"url\":\"https:\\\/\\\/www.zuckersuess-regensburg.de\\\/?page_id=86\",\"name\":\"Conny & Team - Haarlos Sch\u00f6n Regensburg\",\"isPartOf\":{\"@id\":\"https:\\\/\\\/www.zuckersuess-regensburg.de\\\/#website\"},\"primaryImageOfPage\":{\"@id\":\"https:\\\/\\\/www.zuckersuess-regensburg.de\\\/?page_id=86#primaryimage\"},\"image\":{\"@id\":\"https:\\\/\\\/www.zuckersuess-regensburg.de\\\/?page_id=86#primaryimage\"},\"thumbnailUrl\":\"https:\\\/\\\/www.zuckersuess-regensburg.de\\\/wp-content\\\/uploads\\\/83125924_2045327748946281_2640207514582384640_o.jpg\",\"datePublished\":\"2014-03-14T06:57:49+00:00\",\"dateModified\":\"2026-02-23T12:43:51+00:00\",\"description\":\"ausgebildete Kosmetikerin, Sugaring- und Waxingexperte, Elektrologistin und Laserschutzbeauftragte bietet mit ihrem Experten-Team alle Haarentfernungen an.\",\"breadcrumb\":{\"@id\":\"https:\\\/\\\/www.zuckersuess-regensburg.de\\\/?page_id=86#breadcrumb\"},\"inLanguage\":\"de\",\"potentialAction\":[{\"@type\":\"ReadAction\",\"target\":[\"https:\\\/\\\/www.zuckersuess-regensburg.de\\\/?page_id=86\"]}]},{\"@type\":\"ImageObject\",\"inLanguage\":\"de\",\"@id\":\"https:\\\/\\\/www.zuckersuess-regensburg.de\\\/?page_id=86#primaryimage\",\"url\":\"https:\\\/\\\/www.zuckersuess-regensburg.de\\\/wp-content\\\/uploads\\\/83125924_2045327748946281_2640207514582384640_o.jpg\",\"contentUrl\":\"https:\\\/\\\/www.zuckersuess-regensburg.de\\\/wp-content\\\/uploads\\\/83125924_2045327748946281_2640207514582384640_o.jpg\",\"width\":200,\"height\":200},{\"@type\":\"BreadcrumbList\",\"@id\":\"https:\\\/\\\/www.zuckersuess-regensburg.de\\\/?page_id=86#breadcrumb\",\"itemListElement\":[{\"@type\":\"ListItem\",\"position\":1,\"name\":\"Home\",\"item\":\"https:\\\/\\\/www.zuckersuess-regensburg.de\\\/\"},{\"@type\":\"ListItem\",\"position\":2,\"name\":\"Conny &#038; Team\"}]},{\"@type\":\"WebSite\",\"@id\":\"https:\\\/\\\/www.zuckersuess-regensburg.de\\\/#website\",\"url\":\"https:\\\/\\\/www.zuckersuess-regensburg.de\\\/\",\"name\":\"Haarlos Sch\u00f6n Regensburg\",\"description\":\"Professionelle Enthaarungen mit modernster Lasertechnik, Elektroepilation und Wachs\",\"publisher\":{\"@id\":\"https:\\\/\\\/www.zuckersuess-regensburg.de\\\/#organization\"},\"potentialAction\":[{\"@type\":\"SearchAction\",\"target\":{\"@type\":\"EntryPoint\",\"urlTemplate\":\"https:\\\/\\\/www.zuckersuess-regensburg.de\\\/?s={search_term_string}\"},\"query-input\":{\"@type\":\"PropertyValueSpecification\",\"valueRequired\":true,\"valueName\":\"search_term_string\"}}],\"inLanguage\":\"de\"},{\"@type\":\"Organization\",\"@id\":\"https:\\\/\\\/www.zuckersuess-regensburg.de\\\/#organization\",\"name\":\"Haarlos Sch\u00f6n Regensburg\",\"url\":\"https:\\\/\\\/www.zuckersuess-regensburg.de\\\/\",\"logo\":{\"@type\":\"ImageObject\",\"inLanguage\":\"de\",\"@id\":\"https:\\\/\\\/www.zuckersuess-regensburg.de\\\/#\\\/schema\\\/logo\\\/image\\\/\",\"url\":\"https:\\\/\\\/www.zuckersuess-regensburg.de\\\/wp-content\\\/uploads\\\/logo_72_333333-2.png\",\"contentUrl\":\"https:\\\/\\\/www.zuckersuess-regensburg.de\\\/wp-content\\\/uploads\\\/logo_72_333333-2.png\",\"width\":596,\"height\":243,\"caption\":\"Haarlos Sch\u00f6n Regensburg\"},\"image\":{\"@id\":\"https:\\\/\\\/www.zuckersuess-regensburg.de\\\/#\\\/schema\\\/logo\\\/image\\\/\"}}]}<\/script>\n<!-- \/ Yoast SEO plugin. -->","yoast_head_json":{"title":"Conny & Team - Haarlos Sch\u00f6n Regensburg","description":"ausgebildete Kosmetikerin, Sugaring- und Waxingexperte, Elektrologistin und Laserschutzbeauftragte bietet mit ihrem Experten-Team alle Haarentfernungen an.","robots":{"index":"index","follow":"follow","max-snippet":"max-snippet:-1","max-image-preview":"max-image-preview:large","max-video-preview":"max-video-preview:-1"},"canonical":"https:\/\/www.zuckersuess-regensburg.de\/?page_id=86","og_locale":"de_DE","og_type":"article","og_title":"Conny & Team - Haarlos Sch\u00f6n Regensburg","og_description":"ausgebildete Kosmetikerin, Sugaring- und Waxingexperte, Elektrologistin und Laserschutzbeauftragte bietet mit ihrem Experten-Team alle Haarentfernungen an.","og_url":"https:\/\/www.zuckersuess-regensburg.de\/?page_id=86","og_site_name":"Haarlos Sch\u00f6n Regensburg","article_modified_time":"2026-02-23T12:43:51+00:00","og_image":[{"width":200,"height":200,"url":"https:\/\/www.zuckersuess-regensburg.de\/wp-content\/uploads\/83125924_2045327748946281_2640207514582384640_o.jpg","type":"image\/jpeg"}],"twitter_misc":{"Gesch\u00e4tzte Lesezeit":"2\u00a0Minuten"},"schema":{"@context":"https:\/\/schema.org","@graph":[{"@type":"WebPage","@id":"https:\/\/www.zuckersuess-regensburg.de\/?page_id=86","url":"https:\/\/www.zuckersuess-regensburg.de\/?page_id=86","name":"Conny & Team - Haarlos Sch\u00f6n Regensburg","isPartOf":{"@id":"https:\/\/www.zuckersuess-regensburg.de\/#website"},"primaryImageOfPage":{"@id":"https:\/\/www.zuckersuess-regensburg.de\/?page_id=86#primaryimage"},"image":{"@id":"https:\/\/www.zuckersuess-regensburg.de\/?page_id=86#primaryimage"},"thumbnailUrl":"https:\/\/www.zuckersuess-regensburg.de\/wp-content\/uploads\/83125924_2045327748946281_2640207514582384640_o.jpg","datePublished":"2014-03-14T06:57:49+00:00","dateModified":"2026-02-23T12:43:51+00:00","description":"ausgebildete Kosmetikerin, Sugaring- und Waxingexperte, Elektrologistin und Laserschutzbeauftragte bietet mit ihrem Experten-Team alle Haarentfernungen an.","breadcrumb":{"@id":"https:\/\/www.zuckersuess-regensburg.de\/?page_id=86#breadcrumb"},"inLanguage":"de","potentialAction":[{"@type":"ReadAction","target":["https:\/\/www.zuckersuess-regensburg.de\/?page_id=86"]}]},{"@type":"ImageObject","inLanguage":"de","@id":"https:\/\/www.zuckersuess-regensburg.de\/?page_id=86#primaryimage","url":"https:\/\/www.zuckersuess-regensburg.de\/wp-content\/uploads\/83125924_2045327748946281_2640207514582384640_o.jpg","contentUrl":"https:\/\/www.zuckersuess-regensburg.de\/wp-content\/uploads\/83125924_2045327748946281_2640207514582384640_o.jpg","width":200,"height":200},{"@type":"BreadcrumbList","@id":"https:\/\/www.zuckersuess-regensburg.de\/?page_id=86#breadcrumb","itemListElement":[{"@type":"ListItem","position":1,"name":"Home","item":"https:\/\/www.zuckersuess-regensburg.de\/"},{"@type":"ListItem","position":2,"name":"Conny &#038; Team"}]},{"@type":"WebSite","@id":"https:\/\/www.zuckersuess-regensburg.de\/#website","url":"https:\/\/www.zuckersuess-regensburg.de\/","name":"Haarlos Sch\u00f6n Regensburg","description":"Professionelle Enthaarungen mit modernster Lasertechnik, Elektroepilation und Wachs","publisher":{"@id":"https:\/\/www.zuckersuess-regensburg.de\/#organization"},"potentialAction":[{"@type":"SearchAction","target":{"@type":"EntryPoint","urlTemplate":"https:\/\/www.zuckersuess-regensburg.de\/?s={search_term_string}"},"query-input":{"@type":"PropertyValueSpecification","valueRequired":true,"valueName":"search_term_string"}}],"inLanguage":"de"},{"@type":"Organization","@id":"https:\/\/www.zuckersuess-regensburg.de\/#organization","name":"Haarlos Sch\u00f6n Regensburg","url":"https:\/\/www.zuckersuess-regensburg.de\/","logo":{"@type":"ImageObject","inLanguage":"de","@id":"https:\/\/www.zuckersuess-regensburg.de\/#\/schema\/logo\/image\/","url":"https:\/\/www.zuckersuess-regensburg.de\/wp-content\/uploads\/logo_72_333333-2.png","contentUrl":"https:\/\/www.zuckersuess-regensburg.de\/wp-content\/uploads\/logo_72_333333-2.png","width":596,"height":243,"caption":"Haarlos Sch\u00f6n Regensburg"},"image":{"@id":"https:\/\/www.zuckersuess-regensburg.de\/#\/schema\/logo\/image\/"}}]}},"_links":{"self":[{"href":"https:\/\/www.zuckersuess-regensburg.de\/index.php?rest_route=\/wp\/v2\/pages\/86","targetHints":{"allow":["GET"]}}],"collection":[{"href":"https:\/\/www.zuckersuess-regensburg.de\/index.php?rest_route=\/wp\/v2\/pages"}],"about":[{"href":"https:\/\/www.zuckersuess-regensburg.de\/index.php?rest_route=\/wp\/v2\/types\/page"}],"author":[{"embeddable":true,"href":"https:\/\/www.zuckersuess-regensburg.de\/index.php?rest_route=\/wp\/v2\/users\/1"}],"replies":[{"embeddable":true,"href":"https:\/\/www.zuckersuess-regensburg.de\/index.php?rest_route=%2Fwp%2Fv2%2Fcomments&post=86"}],"version-history":[{"count":116,"href":"https:\/\/www.zuckersuess-regensburg.de\/index.php?rest_route=\/wp\/v2\/pages\/86\/revisions"}],"predecessor-version":[{"id":2048,"href":"https:\/\/www.zuckersuess-regensburg.de\/index.php?rest_route=\/wp\/v2\/pages\/86\/revisions\/2048"}],"wp:featuredmedia":[{"embeddable":true,"href":"https:\/\/www.zuckersuess-regensburg.de\/index.php?rest_route=\/wp\/v2\/media\/870"}],"wp:attachment":[{"href":"https:\/\/www.zuckersuess-regensburg.de\/index.php?rest_route=%2Fwp%2Fv2%2Fmedia&parent=86"}],"curies":[{"name":"wp","href":"https:\/\/api.w.org\/{rel}","templated":true}]}}